 -5)) + 15.
14
Calculate 152 + -131 - (39 + 0).
-18
Evaluate 12 - (14 + -11) - (-5 + 14).
0
What is the value of -9 + -37 + 19 + 17?
-10
What is 2 + (9 - 1 - (-6 - (4 - 14)))?
6
Calculate -15 - (-13 + -6) - 16.
-12
10 + -2 + -12 + 15 + 1
12
What is 45 + (-5 - -1) + -25 + (-2 - -27)?
41
What is the value of 38 - (17 - 23) - 23?
21
(2 - -2 - 1) + 1 + -1
3
-20 + 6 + 4 + 0 + 12
2
What is the value of (-2 - 1) + 1 - 6 - (-1139 - -1150)?
-19
(-4 - (-2 + (3 - 2))) + (0 - 4)
-7
What is the value of 0 - (31 + (-82 - -25))?
26
Evaluate 13 - -5 - 16 - 10.
-8
-4 + (-8 + 17 - 8) + 5
2
(3 - 1) + -5 - (352 + -358)
3
(6 + 9 - 13) + (2 - 14)
-10
What is -13 + (-10 - 9) + 20?
-12
Evaluate -29 - -25 - ((-16 - -21) + -6 + 1).
-4
0 + -3 - (-16 + 5 - -23 - 18)
3
(-4 - 6 - -4) + -10 - -12
-4
Calculate -10 - (-2 + -35) - 26.
1
Calculate 26 + -48 - -15 - 2.
-9
-28 - (-22 + (-29 - -46))
-23
Calculate (-6 + 13 - 16) + 16.
7
1 + -2 - 1 - 9 - (-5 + 4)
-10
-10 - (2 + 8 - (10 - 3) - 11)
-2
Evaluate -31 + 23 + 1 + 20.
13
What is 18 + -51 + (36 - 8)?
-5
What is -19 + 2 + -1 + (313 - 316)?
-21
What is 5 + 0 + 1 + (-1 - 0) + -9?
-4
What is 11 + -3 + (-3 - 10 - -5)?
0
What is -2 + 3 + -18 + 7 + 8 + -4?
-6
Calculate (-1 - -5) + 2 - (38 - 39 - -9).
-2
Evaluate 19 - (29 + -28 + 2 + -5).
21
Calculate (-92 - -100) + (0 - 0) + 1.
9
What is the value of 4 + (5 - (10 + -8)) + (-8 - -2)?
1
What is the value of -1 + -5 + -2 + 6 + -2 + 4?
0
Evaluate (13 - (20 - 8)) + -28.
-27
(-2 - 12 - -8) + -10 + 18 - -7
9
What is the value of (30 - 7 - 2 - (6 + 2)) + 6?
19
What is (-1 - 0) + -329 + 356?
26
What is (3 - 6) + 0 + 9 - (-3 + 18)?
-9
What is -5 - (-1 + 5 + 151 + -148)?
-12
Evaluate 9 - ((-6 - 2) + 14).
3
-41 + 41 - (2 - -3) - -11
6
What is the value of 1 + 0 + -2 + 0 + (-21 - -18)?
-4
What is 1 + 2 + (-5 - 2 - (5 + 1))?
-10
10 + (-1 - (8 - (4 + -4) - 7))
8
Evaluate -12 + 7 + (-1 - (-22 + -1)).
17
What is the value of -13 - (2 - 17) - 1?
1
Evaluate (-182 + 172 - (4 + 1)) + -5.
-20
What is the value of (-9 - 0) + (1 - 0) + (-55 - -51)?
-12
2 - 7 - (-14 - ((-10 - -9) + -11))
-3
What is 305 - 297 - (6 - -38)?
-36
Calculate 3 + 2 - (9 + -2 + 12).
-14
What is 0 + (-5 - -5) - 1 - (-18 + 16)?
1
What is the value of 10 + 1 + -129 + 110?
-8
Calculate 13 + (-5 - 3 - 9).
-4
Evaluate ((0 - -9) + 52 + -51 - 1) + 10.
19
What is the value of 8 - (9 + (4 - (-3 + 8)))?
0
What is (-15 - 0) + (-170 - -188)?
3
What is the value of (0 - (2 + (-1 - -2) + 1)) + 17?
13
Evaluate -287 - -281 - (-5 + 1).
-2
What is the value of 23 + (-2 - 20) - -14?
15
Calculate 20 - ((1 - 0) + -115 + 116).
18
What is -1 + -5 - (8 + -14 + 0)?
0
What is (-9 + -4 + 15 - 10) + 7?
-1
(-3 - (16 + -6)) + (1 - 8)
-20
What is the value of (-1 + 2 - 1) + (-38 - -35) - -12?
9
Evaluate -6 + 2 - (-157 - -141).
12
67 + 6 + (-42 - 0)
31
Evaluate -39 + 8 - (-34 - 4).
7
Calculate 3 + 7 + (-8 + -3 - -7 - 4).
2
What is 1 + 1 - (32 - 24)?
-6
What is (14 - (-3 + (-3 - 0))) + -12?
8
Evaluate 85 + -72 - (7 + 1).
5
What is the value of (17 - 10) + (0 - (-1 - 4))?
12
Calculate -7 + -211 + 211 + (-10 - 0).
-17
-1 + -15 - (39 - 64)
9
What is -9 - (-3 + 0 + 3 + -7)?
-2
-1 + 14 + 0 + (1 + -2 - 0)
12
What is (-4 - (-2 + (2 - 1)) - 5) + -20?
-28
What is -12 - (-4 + 0 - (15 - 10 - 7))?
-10
Calculate -11 + 36 + -19 + (-2 - 3).
1
What is -11 - 1 - (-7 + 17 + -2 + -7)?
-13
-2404 + 2415 + 31 + -1
41
What is -1 + (29 - 27) - 10?
-9
What is -13 + 19 + -12 + 2 + 2?
-2
What is the value of 10 - (15 - -8) - -19?
6
Calculate -7 + 1 - (-7 + 2 + -2) - 3.
-2
171 - 178 - ((-33 - -1) + -5)
30
What is 177 + -220 - (-8 + -3)?
-32
Evaluate 2 + 39 - (53 + 12).
-24
33 + 2 - 10 - 6
19
What is 6 + 19 - (-59 + 66)?
18
What is -25 + ((-1 + -3 - -5) + 10 - 7)?
-21
What is -7 - (1 - (22 - (10 - 15)))?
19
Calculate -179 + 193 + (0 - 16) + (1 - 0).
-1
What is -3 + (-13 - (13 - (1 + 13)))?
-15
Evaluate -7 - (12 - (-4 + (11 - -15))).
3
(12 + 0 - 14 - 2) + (0 - -4)
0
1 - ((6 - 15) + -2)
12
What is the value of (-9 + 12 - 8) + (13 - 22)?
-14
Evaluate (28 + -28 + -1 + -3 - -6) + -8.
-6
What is the value of ((-4 - -2) + (10 - 6) - 9) + 0?
-7
What is (-4 - -48) + -499 + 416?
-39
Evaluate -18 + 61 - (38 + -14).
19
What is the value of -6 - (-3 + (-6 + -4 - -1))?
6
What is -16 - ((-12 - (-6 - 2) - 1) + 8)?
-19
What is -1 + (-2 + -8 - 0)?
-11
What is 0 + -3 - -8 - (2 + -12)?
15
Calculate (7 - 4 - 1) + -3 + 9 + -4.
4
Calculate (1 + -1 - 1) + 2 - (-6 - -3).
4
What is the value of 2 - (-30 - (7 + -33))?
6
Calculate 0 - -1 - (-9 + (3 - (-9 - 0))).
-2
Evaluate -48 - -64 - -3 - (42 + 2).
-25
What is -4 + -31 + 44 + (1 - 0)?
10
What is 32 - (31 + -34 - -36)?
-1
What is (14 - (-4 - -8)) + 0?
10
-2 - (18 - ((-5 - -1 - -11) + -1))
-14
What is the value of -7 + (5 - 5 - 5) + 5?
-7
What is -146 + 126 - (-15 + 0)?
-5
-16 + -9 + 13 + 6
-6
What is -10 - -2 - (-33 + (22 - -3))?
0
Calculate -378 + 402 + (-2 - 49).
-27
What is the value of -33 + 16 - (0 + -4 - 45)?
32
What is the value of (-4 - (-4 + 20 - 11)) + -9?
-18
What is 8 - (15 - 36 - -27)?
2
-8 - (1 + -12) - -5 - (0 + -6)
14
What is 7 - (1 - -11 - -1)?
-6
Calculate (-3 - -2 - (-3 + -3)) + 5 + 4.
14
What is (14 - (-5 - -7)) + -10 + 4?
6
-8 - (15 - 33 - -13)
-3
Evaluate 0 + -13 + (-53 - -54) - (5 - 0).
-17
What is the value of -7 + -9 + -3 + 15 + (1 - 6)?
-9
-53 - -53 - (-1 + (-15 - -2))
14
Calculate 3 + 11 + (11 - (7 + -12 + 5)).
25
What is ((-4 - -10) + 15 - 13) + 1 + 1?
10
Calculate (4 - 8 - 4) + (-5 - -5 - -3).
-5
What is the value of 6 + (32 + -11 - 13) - 34?
-20
What is the value of -1 + (9 - (-8 + (9 - 0))) + 12?
19
What is -6 - (-17 + 1 + -11 + 20)?
1
What is the value of -6 - (-10 - 0 - (-26 - -14))?
-8
20 - 2 - (-4 - (4 + -12 + 1))
15
What is (40 - 5) + -31 + 22?
26
What is -8 + (10 - (15 + -29))?
16
What is the value of 0 - (-28 - (-8 + -13))?
7
Calculate -6 + 25 - 33 - -14.
0
Calculate (11 - 19) + -5 + -5 + (-5 - -10).
-13
Calculate -4 - ((-22 - 3) + 49).
-28
Evaluate -22 - -22 - (-28 - (-2 - -13 - 5)).
34
What is the value of (29 - (25 + -11)) + -27?
-12
What is (-18 - -54) + -41 - (0 - (-1 + 3))?
-3
What is 11 + -1 - (-14 + 12) - 4?
8
Evaluate 1 + -10 + 4 + -12 + 40 + -6.
17
What is the value of 5 + -3 + 4 + -5 + 2 + 6?
9
-2 + 24 - (14 + -37 + 25)
20
What is -19 + 13 + -3 + -14?
-23
What is -23 + (6 + -2 + 4 - (-13 - -14))?
-16
What is 39 + (-2 - -5) - (-525 + 540)?
27
Calculate (-18 + 24 + (-2 - -3) - -4) + -5.
6
What is (1 + -13 + 10 - 34) + 14?
-22
What is the value of -2 - -9 - 2 - (-14 + 42 + -23)?
0
Calculate -3 + -14 - (-316 + 296).
3
What is the value of 5 - ((15 - -29) + -8 + -10 + 5)?
-26
What is ((5 - 1) + (6 - 14) - 1) + 3?
-2
What is the value of 3 + 8 - (92 + -92)?
11
Calculate 19 + -45 + 16 + -4.
-14
Evaluate -3 + 9 + -1 + -2 + (4 - 8).
-1
What is the value of -7 + 20 - (-8 - -53 - 13)?
-19
Calculate -5 + -1 - (-11 + -2 + (37 - 54)).
24
Calculate 8 - (8 - -3) - (-15 + 2 + -7).
17
-12 + 18 - 14 - (-20 + -1)
13
What is -11 + -9 + -9 + 9 + 3 + -6?
-23
Evaluate (13 - (9 - -13)) + 27 + -39.
-21
What is 1 + -17 + (33 + -8 - 25)?
-16
(1 - (14 - 11)) + (0 - -15)
13
What is 12 + 2 + 51 + -60?
5
(-6 - -16 - 7) + 6 + -15
-6
What is 52 - (19 - -7) - 10?
16
Evaluate 17 + -2 + -12 + 6 + 3 + 6.
18
What is the value of (-14 + 8 - (-4 - 9)) + -1 + -3?
3
Calculate -9 - (0 + -19 + 6).
4
What is the value of (2 + (-16 - -5) - -6) + -6 + 3?
-6
Evaluate (-10 - (-20 + 5)) + 2.
7
-4 + -10 + (-1 - (-5 + 2 + -3))
-9
What is the value of -16 - (-10 + (-9 - -13)) - (2 + -8)?
-4
(-1 - 4 - -4) + -13 - -5 - 6
-15
Evaluate -1 + 31 + 220 + -217 + 1 + -9.
25
Evaluate 40 + -61 + 23 - -37.
39
What is the value of 3 - (-30 - (5 + -36 - -18))?
20
-202 + 192 - (0 + 1 + 4)
-15
Evaluate 3 - 7 - ((16 - 22) + 11 + 20).
-29
What is the value of -23 + (-6 - -63 - 17)?
17
What is (0 - (0 - -1)) + (-61 - -75) + -5?
8
Evaluate 1 + 17 + 7 + 7 + -15.
17
(1 - 9) + 1 + 6
-1
What is the value of 2 - ((-14 - 16) + 13 + (16 - 6))?
9
What is the value of -58 + 46 + -32 + 28?
-16
Evaluate -4 - (5 + -9 + 2) - -13.
11
What is -19 + 9 - (-4 - (-11 + 7))?
-10
Evaluate -22 + (30 - 11) - -14.
11
Evaluate (-2 + -7 - (34 + -30)) + -11.
-24
What is the value of -10 + 32 + 0 + 31 + -45 + 7?
15
12 + 0 + 9 + 3 + -13 + 11
22
What is the value of 2 + 1 - (-16 - (17 + -12))?
24
(-15 - -1) + (135 - 132